{"id":2760,"date":"2025-09-09T16:33:14","date_gmt":"2025-09-09T16:33:14","guid":{"rendered":"https:\/\/amedenerji.com\/?page_id=2760"},"modified":"2025-11-14T18:44:48","modified_gmt":"2025-11-14T18:44:48","slug":"slide-anything-popup-preview-6","status":"publish","type":"page","link":"https:\/\/amedenerji.com\/?page_id=2760","title":{"rendered":"Diyarbak\u0131r Amed G\u00fcne\u015f Enerji Sistemleri"},"content":{"rendered":"<div class='white' style='background:#fafafa; border:solid 1px #f0f0f0; border-radius:5px; padding:8px 8px 8px 8px;'>\n<div id='sample_slider' class='owl-carousel sa_owl_theme owl-pagination-true autohide-arrows' data-slider-id='sample_slider' style='visibility:hidden;'>\n<div id='sample_slider_slide06' class='sa_hover_container' style='padding:5% 5%; margin:0px 0%; background-image:url(&quot;https:\/\/amedenerji.com\/wp-content\/uploads\/2021\/01\/400119600930_164006.jpg&quot;); background-position:center center; background-size:100% 100%; background-repeat:no-repeat; background-color:#cfe2f3; '><\/div>\n<div id='sample_slider_slide16' class='sa_hover_container' style='padding:5% 5%; margin:0px 0%; background-image:url(&quot;https:\/\/amedenerji.com\/wp-content\/uploads\/web-DSC_0135.jpg&quot;); background-position:center center; background-size:100% 100%; background-repeat:no-repeat; '><\/div>\n<div id='sample_slider_slide13' class='sa_hover_container' style='padding:5% 5%; margin:0px 0%; background-image:url(&quot;https:\/\/amedenerji.com\/wp-content\/uploads\/2021\/01\/20200224_235711.jpg&quot;); background-position:center center; background-size:100% 100%; background-repeat:no-repeat; '><\/div>\n<div id='sample_slider_slide19' class='sa_hover_container' style='padding:5% 5%; margin:0px 0%; background-image:url(&quot;https:\/\/amedenerji.com\/wp-content\/uploads\/2021\/01\/sultanpark.jpg&quot;); background-position:left top; background-size:cover; background-repeat:no-repeat; background-color:rgb(7, 55, 99); '><\/div>\n<div id='sample_slider_slide07' class='sa_hover_container' style='padding:5% 5%; margin:0px 0%; background-image:url(&quot;https:\/\/amedenerji.com\/wp-content\/uploads\/2021\/01\/IMG_20200331_102841_551.jpg&quot;); background-position:center center; background-size:100% 100%; background-repeat:no-repeat; background-color:#d9d2e9; '><\/div>\n<div id='sample_slider_slide02' class='sa_hover_container' style='padding:5% 5%; margin:0px 0%; background-image:url(&quot;https:\/\/amedenerji.com\/wp-content\/uploads\/1000760082.jpg&quot;); background-position:center center; background-size:100% 100%; background-repeat:no-repeat; background-color:#fce5cd; '><\/div>\n<div id='sample_slider_slide12' class='sa_hover_container' style='padding:5% 5%; margin:0px 0%; background-image:url(&quot;https:\/\/amedenerji.com\/wp-content\/uploads\/tarimsal-sulama.jpg&quot;); background-position:center center; background-size:cover; background-repeat:no-repeat; background-color:rgba(0, 0, 0, 0); '><\/div>\n<div id='sample_slider_slide08' class='sa_hover_container' style='padding:5% 5%; margin:0px 0%; background-image:url(&quot;https:\/\/amedenerji.com\/wp-content\/uploads\/2021\/01\/20210119_205207-scaled.jpg&quot;); background-position:center center; background-size:100% 100%; background-repeat:no-repeat; background-color:rgb(255, 255, 255); '><\/div>\n<div id='sample_slider_slide15' class='sa_hover_container' style='padding:5% 5%; margin:0px 0%; background-image:url(&quot;https:\/\/amedenerji.com\/wp-content\/uploads\/2021\/01\/IMG-20210120-WA0006.jpg&quot;); background-position:center center; background-size:100% 100%; background-repeat:no-repeat; '><\/div>\n<div id='sample_slider_slide14' class='sa_hover_container' style='padding:5% 5%; margin:0px 0%; background-image:url(&quot;https:\/\/amedenerji.com\/wp-content\/uploads\/9d69dc76-37b9-46cd-96ba-5e619efe9e11-1.jpg&quot;); background-position:center center; background-size:100% 100%; background-repeat:no-repeat; '><\/div>\n<div id='sample_slider_slide05' class='sa_hover_container' style='padding:5% 5%; margin:0px 0%; background-image:url(&quot;https:\/\/amedenerji.com\/wp-content\/uploads\/royal-kent-si-pektas-in.jpg&quot;); background-position:center center; background-size:100% 100%; background-repeat:repeat; background-color:#fff2cc; '><\/div>\n<div id='sample_slider_slide09' class='sa_hover_container' style='padding:5% 5%; margin:0px 0%; background-image:url(&quot;https:\/\/amedenerji.com\/wp-content\/uploads\/00ff1f50-7b0b-48df-a675-8d438a600be7-2.jpg&quot;); background-position:center center; background-size:100% 100%; background-repeat:no-repeat; '><\/div>\n<div id='sample_slider_slide03' class='sa_hover_container' style='padding:5% 5%; margin:0px 0%; background-image:url(&quot;https:\/\/amedenerji.com\/wp-content\/uploads\/2021\/01\/IMG-20210120-WA0010.jpg&quot;); background-position:center center; background-size:cover; background-repeat:no-repeat; background-color:rgb(217, 234, 211); '><\/div>\n<div id='sample_slider_slide04' class='sa_hover_container' style='padding:5% 5%; margin:0px 0%; background-image:url(&quot;https:\/\/amedenerji.com\/wp-content\/uploads\/1000748957-scaled.jpg&quot;); background-position:center center; background-size:cover; background-repeat:repeat; background-color:rgb(255, 255, 255); '><\/div>\n<div id='sample_slider_slide01' class='sa_hover_container' style='padding:5% 5%; margin:0px 0%; background-image:url(&quot;https:\/\/amedenerji.com\/wp-content\/uploads\/grok_video_2025-08-21-18-24-392.jpg&quot;); background-position:center center; background-size:100% 100%; background-repeat:repeat-y; background-color:rgb(244, 204, 204); '><\/div>\n<div id='sample_slider_slide11' class='sa_hover_container' style='padding:5% 5%; margin:0px 0%; background-image:url(&quot;https:\/\/amedenerji.com\/wp-content\/uploads\/metin-zor-2267-3.jpg&quot;); background-position:center center; background-size:cover; background-repeat:repeat; '><\/div>\n<div id='sample_slider_slide18' class='sa_hover_container' style='padding:5% 5%; margin:0px 0%; background-image:url(&quot;https:\/\/amedenerji.com\/wp-content\/uploads\/150460211_3626167667451526_5680385874208939103_o.jpg&quot;); background-position:center center; background-size:cover; background-repeat:repeat; '><p><img loading=\"lazy\" decoding=\"async\" class=\"alignnone size-medium wp-image-2722\" src=\"https:\/\/amedenerji.com\/wp-content\/uploads\/metin-zor-1303-6-28x50.jpg\" alt=\"\" width=\"28\" height=\"50\" srcset=\"https:\/\/amedenerji.com\/wp-content\/uploads\/metin-zor-1303-6-28x50.jpg 28w, https:\/\/amedenerji.com\/wp-content\/uploads\/metin-zor-1303-6-281x500.jpg 281w, https:\/\/amedenerji.com\/wp-content\/uploads\/metin-zor-1303-6-768x1365.jpg 768w, https:\/\/amedenerji.com\/wp-content\/uploads\/metin-zor-1303-6-864x1536.jpg 864w, https:\/\/amedenerji.com\/wp-content\/uploads\/metin-zor-1303-6.jpg 1058w\" sizes=\"auto, (max-width: 28px) 100vw, 28px\" \/><\/p><\/div>\n<div id='sample_slider_slide17' class='sa_hover_container' style='padding:5% 5%; margin:0px 0%; background-image:url(&quot;https:\/\/amedenerji.com\/wp-content\/uploads\/148291270_3965782350118922_8370939095455379065_o-1.jpg&quot;); background-position:center center; background-size:cover; background-repeat:no-repeat; '><\/div>\n<div id='sample_slider_slide10' class='sa_hover_container' style='padding:5% 5%; margin:0px 0%; background-image:url(&quot;https:\/\/amedenerji.com\/wp-content\/uploads\/2021\/01\/IMG-20201017-WA0040.jpg&quot;); background-position:center center; background-size:100% 100%; background-repeat:no-repeat; '><\/div>\n<\/div>\n<\/div>\n<script type='text\/javascript'>\n\tjQuery(document).ready(function() {\n\t\tjQuery('#sample_slider').owlCarousel({\n\t\t\titems : 1,\n\t\t\tanimateOut : 'fadeOut',\n\t\t\tanimateIn : 'zoomIn',\n\t\t\tsmartSpeed : 300,\n\t\t\tautoplay : true,\n\t\t\tautoplayTimeout : 1900,\n\t\t\tautoplayHoverPause : true,\n\t\t\tsmartSpeed : 300,\n\t\t\tfluidSpeed : 300,\n\t\t\tautoplaySpeed : 300,\n\t\t\tnavSpeed : 300,\n\t\t\tdotsSpeed : 300,\n\t\t\tloop : true,\n\t\t\tnav : true,\n\t\t\tnavText : ['Previous','Next'],\n\t\t\tdots : true,\n\t\t\tresponsiveRefreshRate : 200,\n\t\t\tslideBy : 4,\n\t\t\tmergeFit : true,\n\t\t\tautoHeight : false,\n\t\t\tmouseDrag : false,\n\t\t\ttouchDrag : true\n\t\t});\n\t\tjQuery('#sample_slider').css('visibility', 'visible');\n\t\tsa_resize_sample_slider();\n\t\twindow.addEventListener('resize', sa_resize_sample_slider);\n\t\tfunction sa_resize_sample_slider() {\n\t\t\tvar min_height = '50';\n\t\t\tvar win_width = jQuery(window).width();\n\t\t\tvar slider_width = jQuery('#sample_slider').width();\n\t\t\tif (win_width < 480) {\n\t\t\t\tvar slide_width = slider_width \/ 1;\n\t\t\t} else if (win_width < 768) {\n\t\t\t\tvar slide_width = slider_width \/ 1;\n\t\t\t} else if (win_width < 980) {\n\t\t\t\tvar slide_width = slider_width \/ 1;\n\t\t\t} else if (win_width < 1200) {\n\t\t\t\tvar slide_width = slider_width \/ 1;\n\t\t\t} else if (win_width < 1500) {\n\t\t\t\tvar slide_width = slider_width \/ 1;\n\t\t\t} else {\n\t\t\t\tvar slide_width = slider_width \/ 1;\n\t\t\t}\n\t\t\tslide_width = Math.round(slide_width);\n\t\t\tvar slide_height = '0';\n\t\t\tif (min_height == 'aspect43') {\n\t\t\t\tslide_height = (slide_width \/ 4) * 3;\t\t\t\tslide_height = Math.round(slide_height);\n\t\t\t} else if (min_height == 'aspect169') {\n\t\t\t\tslide_height = (slide_width \/ 16) * 9;\t\t\t\tslide_height = Math.round(slide_height);\n\t\t\t} else {\n\t\t\t\tslide_height = (slide_width \/ 100) * min_height;\t\t\t\tslide_height = Math.round(slide_height);\n\t\t\t}\n\t\t\tjQuery('#sample_slider .owl-item .sa_hover_container').css('min-height', slide_height+'px');\n\t\t}\n\t\tvar owl_goto = jQuery('#sample_slider');\n\t\tjQuery('.sample_slider_goto1').click(function(event){\n\t\t\towl_goto.trigger('to.owl.carousel', 0);\n\t\t});\n\t\tjQuery('.sample_slider_goto2').click(function(event){\n\t\t\towl_goto.trigger('to.owl.carousel', 1);\n\t\t});\n\t\tjQuery('.sample_slider_goto3').click(function(event){\n\t\t\towl_goto.trigger('to.owl.carousel', 2);\n\t\t});\n\t\tjQuery('.sample_slider_goto4').click(function(event){\n\t\t\towl_goto.trigger('to.owl.carousel', 3);\n\t\t});\n\t\tjQuery('.sample_slider_goto5').click(function(event){\n\t\t\towl_goto.trigger('to.owl.carousel', 4);\n\t\t});\n\t\tjQuery('.sample_slider_goto6').click(function(event){\n\t\t\towl_goto.trigger('to.owl.carousel', 5);\n\t\t});\n\t\tjQuery('.sample_slider_goto7').click(function(event){\n\t\t\towl_goto.trigger('to.owl.carousel', 6);\n\t\t});\n\t\tjQuery('.sample_slider_goto8').click(function(event){\n\t\t\towl_goto.trigger('to.owl.carousel', 7);\n\t\t});\n\t\tjQuery('.sample_slider_goto9').click(function(event){\n\t\t\towl_goto.trigger('to.owl.carousel', 8);\n\t\t});\n\t\tjQuery('.sample_slider_goto10').click(function(event){\n\t\t\towl_goto.trigger('to.owl.carousel', 9);\n\t\t});\n\t\tjQuery('.sample_slider_goto11').click(function(event){\n\t\t\towl_goto.trigger('to.owl.carousel', 10);\n\t\t});\n\t\tjQuery('.sample_slider_goto12').click(function(event){\n\t\t\towl_goto.trigger('to.owl.carousel', 11);\n\t\t});\n\t\tjQuery('.sample_slider_goto13').click(function(event){\n\t\t\towl_goto.trigger('to.owl.carousel', 12);\n\t\t});\n\t\tjQuery('.sample_slider_goto14').click(function(event){\n\t\t\towl_goto.trigger('to.owl.carousel', 13);\n\t\t});\n\t\tjQuery('.sample_slider_goto15').click(function(event){\n\t\t\towl_goto.trigger('to.owl.carousel', 14);\n\t\t});\n\t\tjQuery('.sample_slider_goto16').click(function(event){\n\t\t\towl_goto.trigger('to.owl.carousel', 15);\n\t\t});\n\t\tjQuery('.sample_slider_goto17').click(function(event){\n\t\t\towl_goto.trigger('to.owl.carousel', 16);\n\t\t});\n\t\tjQuery('.sample_slider_goto18').click(function(event){\n\t\t\towl_goto.trigger('to.owl.carousel', 17);\n\t\t});\n\t\tjQuery('.sample_slider_goto19').click(function(event){\n\t\t\towl_goto.trigger('to.owl.carousel', 18);\n\t\t});\n\t\tvar resize_38 = jQuery('.owl-carousel');\n\t\tresize_38.on('initialized.owl.carousel', function(e) {\n\t\t\tif (typeof(Event) === 'function') {\n\t\t\t\twindow.dispatchEvent(new Event('resize'));\n\t\t\t} else {\n\t\t\t\tvar evt = window.document.createEvent('UIEvents');\n\t\t\t\tevt.initUIEvent('resize', true, false, window, 0);\n\t\t\t\twindow.dispatchEvent(evt);\n\t\t\t}\n\t\t});\n\t});\n<\/script>\n\n","protected":false},"excerpt":{"rendered":"","protected":false},"author":1,"featured_media":0,"parent":0,"menu_order":9999,"comment_status":"closed","ping_status":"closed","template":"","meta":{"footnotes":""},"class_list":["post-2760","page","type-page","status-publish","hentry"],"_links":{"self":[{"href":"https:\/\/amedenerji.com\/index.php?rest_route=\/wp\/v2\/pages\/2760","targetHints":{"allow":["GET"]}}],"collection":[{"href":"https:\/\/amedenerji.com\/index.php?rest_route=\/wp\/v2\/pages"}],"about":[{"href":"https:\/\/amedenerji.com\/index.php?rest_route=\/wp\/v2\/types\/page"}],"author":[{"embeddable":true,"href":"https:\/\/amedenerji.com\/index.php?rest_route=\/wp\/v2\/users\/1"}],"replies":[{"embeddable":true,"href":"https:\/\/amedenerji.com\/index.php?rest_route=%2Fwp%2Fv2%2Fcomments&post=2760"}],"version-history":[{"count":6,"href":"https:\/\/amedenerji.com\/index.php?rest_route=\/wp\/v2\/pages\/2760\/revisions"}],"predecessor-version":[{"id":3143,"href":"https:\/\/amedenerji.com\/index.php?rest_route=\/wp\/v2\/pages\/2760\/revisions\/3143"}],"wp:attachment":[{"href":"https:\/\/amedenerji.com\/index.php?rest_route=%2Fwp%2Fv2%2Fmedia&parent=2760"}],"curies":[{"name":"wp","href":"https:\/\/api.w.org\/{rel}","templated":true}]}}